{"id":314,"date":"2017-07-25T10:18:20","date_gmt":"2017-07-25T08:18:20","guid":{"rendered":"http:\/\/www.amicidiriccardo.it\/?page_id=314"},"modified":"2017-07-25T12:30:55","modified_gmt":"2017-07-25T10:30:55","slug":"ricerche","status":"publish","type":"page","link":"https:\/\/amicidiriccardo.it\/?page_id=314","title":{"rendered":"Ricerche"},"content":{"rendered":"<p align=\"justify\"><img loading=\"lazy\" decoding=\"async\" class=\"size-full wp-image-315 aligncenter\" src=\"https:\/\/amicidiriccardo.it\/wp-content\/uploads\/2017\/07\/delfino-e-cucciolo.jpg\" alt=\"\" width=\"299\" height=\"239\" \/><\/p>\n<p align=\"justify\">L\u2019associazione \u201c<strong>Amici di Riccardo Domenici\u201d\u00a0<\/strong>per onorare il ricordo di Riccardo, \u00a0la sua passione per il mare e per i delfini, da molti anni partecipa con\u00a0finanziamenti, a studi di ricerca, effettuati da un gruppo di autorevoli ricercatori della\u00a0<strong>Delphis m.d.c. di Ischia<\/strong>, oggi\u00a0<strong>Oceanomare Delphis Onlus\u00a0<\/strong>(associazione\u00a0dedicata alla divulgazione del progetto di studio sulle comunit\u00e0 di delfini del mar tirreno, con particolare riferimento sulle comunit\u00e0 dei delfini di Ischia) su<strong>\u00a0Delphinus delphis\u00a0<\/strong>mediterraneo, il delfino simbolo degli antichi Greci, una volta abbondante e distribuito in tutto il bacino ed oggi specie dichiarata a rischio di estinzione nell&#8217;ottobre 2003 dall&#8217;IUCN (Unione Internazionale per la Conservazione della Natura) ed inserita come endangered nella Lista Rossa delle Specie Minacciate (www.redlist.org).<\/p>\n<div>Le acque di Ischia, che ospitano l&#8217;unica comunit\u00e0 italiana oggi conosciuta, sono state dichiarate &#8216;critical habitat&#8217; per la specie dal Cetacean Specialist Group dell&#8217;IUCN.<\/div>\n<div><\/div>\n<div>L&#8217;urgenza priorit\u00e0 di conservazione di questo branco di delfini, costituito da circa 100 individui,\u00a0ha portato \u00a0<strong>Delphis m.d.c.<\/strong>\u00a0ad elaborare un\u00a0<strong>Piano di Conservazione\u00a0<\/strong>che preveda, insieme alla ricerca, attivit\u00e0 di divulgazione ed educazione, poich\u00e9 senza la crescita della coscienza, la protezione degli animali e del loro ambiente non potr\u00e0 avere un futuro.<\/div>\n<div>L\u2019Associazione\u00a0<strong>Amici di Riccardo Domenici<\/strong>, nel suo impegno a voler dar voce agli ideali appartenuti a Riccardo, in perfetta sintonia con le scelte di Delphis, ha deciso di concorrere alla realizzazione di quel\u00a0<strong><em>piano di conservazione,<\/em><\/strong>convinta altres\u00ec che solo dalla sua scrupolosa osservanza, \u00a0la\u00a0stessa vita degli esseri umani potr\u00e0 continuare a scriversi.<\/div>\n<div><\/div>\n<div><a href=\"https:\/\/amicidiriccardo.it\/?page_id=318\">Le nostre ricerche<\/a><\/div>\n","protected":false},"excerpt":{"rendered":"<p>L\u2019associazione \u201cAmici di Riccardo Domenici\u201d\u00a0per onorare il ricordo di Riccardo, \u00a0la sua passione per il mare e per i delfini, da molti anni partecipa con\u00a0finanziamenti, a studi di ricerca, effettuati da un gruppo di autorevoli ricercatori della\u00a0Delphis m.d.c. di Ischia, oggi\u00a0Oceanomare Delphis Onlus\u00a0(associazione\u00a0dedicata alla divulgazione del progetto di studio sulle comunit\u00e0 di delfini del mar [&hellip;]<\/p>\n","protected":false},"author":2,"featured_media":0,"parent":0,"menu_order":0,"comment_status":"closed","ping_status":"closed","template":"","meta":{"ngg_post_thumbnail":0,"footnotes":""},"class_list":["post-314","page","type-page","status-publish","czr-hentry"],"_links":{"self":[{"href":"https:\/\/amicidiriccardo.it\/index.php?rest_route=\/wp\/v2\/pages\/314","targetHints":{"allow":["GET"]}}],"collection":[{"href":"https:\/\/amicidiriccardo.it\/index.php?rest_route=\/wp\/v2\/pages"}],"about":[{"href":"https:\/\/amicidiriccardo.it\/index.php?rest_route=\/wp\/v2\/types\/page"}],"author":[{"embeddable":true,"href":"https:\/\/amicidiriccardo.it\/index.php?rest_route=\/wp\/v2\/users\/2"}],"replies":[{"embeddable":true,"href":"https:\/\/amicidiriccardo.it\/index.php?rest_route=%2Fwp%2Fv2%2Fcomments&post=314"}],"version-history":[{"count":3,"href":"https:\/\/amicidiriccardo.it\/index.php?rest_route=\/wp\/v2\/pages\/314\/revisions"}],"predecessor-version":[{"id":2632,"href":"https:\/\/amicidiriccardo.it\/index.php?rest_route=\/wp\/v2\/pages\/314\/revisions\/2632"}],"wp:attachment":[{"href":"https:\/\/amicidiriccardo.it\/index.php?rest_route=%2Fwp%2Fv2%2Fmedia&parent=314"}],"curies":[{"name":"wp","href":"https:\/\/api.w.org\/{rel}","templated":true}]}}