{"id":250,"date":"2017-07-24T17:58:59","date_gmt":"2017-07-24T15:58:59","guid":{"rendered":"http:\/\/www.amicidiriccardo.it\/?page_id=250"},"modified":"2017-11-13T14:27:28","modified_gmt":"2017-11-13T12:27:28","slug":"scopi-dellassociazione","status":"publish","type":"page","link":"https:\/\/amicidiriccardo.it\/?page_id=250","title":{"rendered":"Scopi dell&#8217;Associazione"},"content":{"rendered":"<p>L\u2019Associazione \u201cAmici di Riccardo Domenici\u201d \u00e8 un\u2019associazione culturale, senza scopo di lucro, che ha<br \/>\nsede legale in Perugia, Via A. Diaz, 34 e si \u00e8 costituita a Perugia il 10 ottobre 2008.<br \/>\nLo scopo dell\u2019associazione \u00e8: (art.3 statuto associazione)<br \/>\n&#8211; di promuovere, sviluppare ed attuare studi, ricerche, individuali e di gruppo ed ogni altra iniziativa o<br \/>\nattivit\u00e0 scientifica e culturale, tendente all\u2019approfondimento e alla discussione dei problemi<br \/>\nconcernenti la difesa dell\u2019ambiente con particolare riguardo, ma non esclusivo per quello marino;<br \/>\n&#8211; di promuovere, sviluppare ed attuare studi, ricerche, individuali e di gruppo ed ogni altra iniziativa<br \/>\nche favorisca l\u2019avvicinarsi dei giovani al mondo della musica inteso come ascolto ed esercizio;<br \/>\n&#8211; di promuovere, sviluppare ed attuare iniziative di solidariet\u00e0 verso i pi\u00f9 deboli e pi\u00f9 svantaggiati,<br \/>\novvero quelle che possano stimolarla nei giovani.<br \/>\nLe attivit\u00e0 dell\u2019Associazione e le sue finalit\u00e0 sono ispirate ai principi di pari opportunit\u00e0 tra uomini e<br \/>\ndonne e rispettose dei diritti inviolabili della persona.<br \/>\nI Soci: (art.4 statuto associazione)<br \/>\nCi sono due categorie di soci:<br \/>\n&#8211; Soci Fondatori: coloro che sono intervenuti alla costituzione dell\u2019Associazione e ad essi<br \/>\nparificati.<br \/>\n&#8211; Soci effettivi: coloro che hanno chiesto ed ottenuto la qualifica di socio al Comitato Direttivo.<br \/>\nGli Organi Sociali: (art.8 statuto associazione)<br \/>\nGli organi dell\u2019associazione sono:<br \/>\n&#8211; L\u2019assemblea dei soci;<br \/>\n&#8211; Il comitato Direttivo<br \/>\n&#8211; Il Presidente<br \/>\n&#8211; Il Revisore<br \/>\nTutte le cariche sociali sono assunte e assolte a titolo gratuito.<br \/>\n<strong>Soci Fondatori:<\/strong><br \/>\n1. Dolcetti Orietta<br \/>\n2. Domenici Gino<br \/>\n3. Magni Neda<br \/>\n4. Caproni Antonella<br \/>\n5. Dagioni Lorenzo<br \/>\n6. Farinelli Giulia<br \/>\n7. Gallo Ester<br \/>\n8. Lagan\u00e0 Leonardo<br \/>\n9. Malfatti Donatella<br \/>\n10. Massetti Emanuele<br \/>\n11. Ricci Raffaella<br \/>\n12. Roscini Vanessa<br \/>\n13. Sambuco Mauro<br \/>\n14. Spallaccini Paolo<br \/>\n<strong>Soci effettivi:<\/strong><br \/>\n15. Ambrosi Mirco<br \/>\n16. Bocchi Daniele<br \/>\n17. Cocci Alessandro<br \/>\n18. Di Pietrantonio Linda<br \/>\n19. Falcinelli Stefano<br \/>\n20. Ferroni Matteo<br \/>\n21. Massetti Ruggero<br \/>\n22. Monfreda Maria Grazia<br \/>\n23. Morini Maria<br \/>\n24. Valigi Serenella<br \/>\n25. Vergoni Michele<br \/>\n26. Nardi Simone<br \/>\n27. Saltalippi Paolo<br \/>\n28. Mattioli Vinia<br \/>\n29. Priorelli Giulia<br \/>\n30. Pennicchi Marcello<\/p>\n","protected":false},"excerpt":{"rendered":"<p>L\u2019Associazione \u201cAmici di Riccardo Domenici\u201d \u00e8 un\u2019associazione culturale, senza scopo di lucro, che ha sede legale in Perugia, Via A. Diaz, 34 e si \u00e8 costituita a Perugia il 10 ottobre 2008. Lo scopo dell\u2019associazione \u00e8: (art.3 statuto associazione) &#8211; di promuovere, sviluppare ed attuare studi, ricerche, individuali e di gruppo ed ogni altra iniziativa [&hellip;]<\/p>\n","protected":false},"author":2,"featured_media":0,"parent":0,"menu_order":0,"comment_status":"closed","ping_status":"closed","template":"","meta":{"ngg_post_thumbnail":0,"footnotes":""},"class_list":["post-250","page","type-page","status-publish","czr-hentry"],"_links":{"self":[{"href":"https:\/\/amicidiriccardo.it\/index.php?rest_route=\/wp\/v2\/pages\/250","targetHints":{"allow":["GET"]}}],"collection":[{"href":"https:\/\/amicidiriccardo.it\/index.php?rest_route=\/wp\/v2\/pages"}],"about":[{"href":"https:\/\/amicidiriccardo.it\/index.php?rest_route=\/wp\/v2\/types\/page"}],"author":[{"embeddable":true,"href":"https:\/\/amicidiriccardo.it\/index.php?rest_route=\/wp\/v2\/users\/2"}],"replies":[{"embeddable":true,"href":"https:\/\/amicidiriccardo.it\/index.php?rest_route=%2Fwp%2Fv2%2Fcomments&post=250"}],"version-history":[{"count":2,"href":"https:\/\/amicidiriccardo.it\/index.php?rest_route=\/wp\/v2\/pages\/250\/revisions"}],"predecessor-version":[{"id":1825,"href":"https:\/\/amicidiriccardo.it\/index.php?rest_route=\/wp\/v2\/pages\/250\/revisions\/1825"}],"wp:attachment":[{"href":"https:\/\/amicidiriccardo.it\/index.php?rest_route=%2Fwp%2Fv2%2Fmedia&parent=250"}],"curies":[{"name":"wp","href":"https:\/\/api.w.org\/{rel}","templated":true}]}}