{"id":242,"date":"2017-07-24T17:50:15","date_gmt":"2017-07-24T15:50:15","guid":{"rendered":"http:\/\/www.amicidiriccardo.it\/?page_id=242"},"modified":"2020-11-19T18:50:11","modified_gmt":"2020-11-19T16:50:11","slug":"lassociazione","status":"publish","type":"page","link":"https:\/\/amicidiriccardo.it\/?page_id=242","title":{"rendered":"L&#8217;Associazione"},"content":{"rendered":"<p><em><strong>&#8220;Ci\u00f2 che conta non \u00e8 fare molto&#8230;ma mettere molto amore in ci\u00f2 che si fa&#8221; (Madre Teresa di Calcutta)<\/strong><\/em><\/p>\n<p style=\"text-align: left;\">L&#8217;associazione \u201cAmici di Riccardo Domenici\u201d si costituisce a Perugia il giorno 10 ottobre 2008.<br \/>\nLe finalit\u00e0 perseguite dall\u2019associazione cos\u00ec come definite dallo statuto, sono riconducibili a tre ambiti di intervento che si rifanno ad alcuni degli interessi principali di Riccardo Domenici, livornese di nascita ma perugino di adozione, scomparso prematuramente nel 1996 mentre si allenava presso la piscina di Lacugnano:<\/p>\n<p style=\"text-align: left;\"><strong>&#8211; il mare (e pi\u00f9 genericamente l\u2019acqua, la natura, la scienza amica)<\/strong><br \/>\n<strong> &#8211; la musica<\/strong><br \/>\n<strong> &#8211; la solidariet\u00e0<\/strong><\/p>\n<p style=\"text-align: left;\">L\u2019associazione \u201cAmici di Riccardo Domenici\u201d \u00e8 da intendersi elemento di continuit\u00e0 ed evoluzione del progetto \u201cMare e Giovani: Riccardo Domenici\u201d , promosso dalla Fondazione Cesar di Bologna (oggi Unipolis), che sin dal 1996 anno in cui nasce, ha operato realizzando molte iniziative degne di merito sulle tematiche sopra citate e pi\u00f9 sotto indicate, tese a mantenere vivi i principi morali ed etici del giovane sportivo Riccardo.<\/p>\n<p><strong>Sul tema del mare, l\u2019acqua, la natura e la scienza:<\/strong><br \/>\n&#8211; con il finanziamento di studi scientifici sui delfini, condotti dal gruppo di ricerca Delphis m.d.c di Ischia (oggi Oceanomare-Delphis Onlus) operanti soprattutto nel tratto di mare limitrofo ad Ischia, che, per gli straordinari risultati scientifici raggiunti, ha permesso di ottenere dal Ministero per l\u2019Ambiente il riconoscimento giuridico di \u2018parco marino\u2019 per l\u2019area del Canyon di Cuma;<br \/>\n&#8211; con la istituzione nel 1998 di una borsa di studio presso la Facolt\u00e0 di Medicina dell\u2019Universit\u00e0 di Perugia Dipartimento di Medicina Interna e Scienze Endocrine e Metaboliche (chiarissimo prof. Brunetti) per lo studio delle apnee;<br \/>\n&#8211; con la istituzione di due borse di studio per studi scientifici su i delfini assegnate a Europe Conservation.<br \/>\n&#8211; Con adozione di delfini a distanza attraverso Europe Conservation.<\/p>\n<p><strong>Sul tema della musica<\/strong> con l\u2019annuale concerto in ricordo di Riccardo, nel quale giovani musicisti del conservatorio perugino si sono cimentati nella riscrittura ed esecuzione di brani di musica moderna in chiave classica.<\/p>\n<p><strong>Sul tema della solidariet\u00e0 e disabilit\u00e0:<\/strong><br \/>\n-con iniziative grazie alle quali alcuni giovani gi\u00e0 istruttori subacquei dell\u2019Associazione Subacquea Orsa Minore di Perugia hanno conseguito il brevetto HSA(Handicap Scuba Association) come istruttori subacquei per disabili e sono stati avviati corsi per portatori di handicap fisici che hanno potuto dedicarsi all\u2019attivit\u00e0 subacquea.<br \/>\n&#8211; con corsi di acquaticit\u00e0 per l\u2019avviamento alla subacquea per giovani portatori di disabilit\u00e0 fisico motoria presso la Piscina Gryphus Sporting Club di Perugia.<br \/>\n&#8211; con un contributo economico ad AMREF Italia Onlus per la costruzione di un pozzo trivellato in Nord Uganda.<br \/>\n&#8211; con un contributo economico alla Caritas Italia per sostegno alle popolazione del Myanmar colpito dal ciclone.<\/p>\n<p>I temi di fondo della associazione \u201dAmici di Riccardo Domenici\u201d che hanno anche trovato riscontro &#8211; nell\u2019ambito del progetto \u201cMare e Giovani: Riccardo Domenici\u201d &#8211; con la assegnazione annuale di una speciale \u201cchiave del sorriso Riccardo Domenici\u201d (premio nato da una idea di Don Ciotti) assegnata a personaggi che si sono distinti sul piano della solidariet\u00e0, dell\u2019aiuto alla disabilit\u00e0,o della ecologia, continueranno ad essere attraverso la loro attuazione, la testimonianza e la voce di quel pensiero e di quei valori etici di cui Riccardo \u00e8 stato interprete indimenticabile.<\/p>\n","protected":false},"excerpt":{"rendered":"<p>&#8220;Ci\u00f2 che conta non \u00e8 fare molto&#8230;ma mettere molto amore in ci\u00f2 che si fa&#8221; (Madre Teresa di Calcutta) L&#8217;associazione \u201cAmici di Riccardo Domenici\u201d si costituisce a Perugia il giorno 10 ottobre 2008. Le finalit\u00e0 perseguite dall\u2019associazione cos\u00ec come definite dallo statuto, sono riconducibili a tre ambiti di intervento che si rifanno ad alcuni degli [&hellip;]<\/p>\n","protected":false},"author":2,"featured_media":243,"parent":0,"menu_order":0,"comment_status":"closed","ping_status":"closed","template":"","meta":{"ngg_post_thumbnail":0,"footnotes":""},"class_list":["post-242","page","type-page","status-publish","has-post-thumbnail","czr-hentry"],"_links":{"self":[{"href":"https:\/\/amicidiriccardo.it\/index.php?rest_route=\/wp\/v2\/pages\/242","targetHints":{"allow":["GET"]}}],"collection":[{"href":"https:\/\/amicidiriccardo.it\/index.php?rest_route=\/wp\/v2\/pages"}],"about":[{"href":"https:\/\/amicidiriccardo.it\/index.php?rest_route=\/wp\/v2\/types\/page"}],"author":[{"embeddable":true,"href":"https:\/\/amicidiriccardo.it\/index.php?rest_route=\/wp\/v2\/users\/2"}],"replies":[{"embeddable":true,"href":"https:\/\/amicidiriccardo.it\/index.php?rest_route=%2Fwp%2Fv2%2Fcomments&post=242"}],"version-history":[{"count":7,"href":"https:\/\/amicidiriccardo.it\/index.php?rest_route=\/wp\/v2\/pages\/242\/revisions"}],"predecessor-version":[{"id":3464,"href":"https:\/\/amicidiriccardo.it\/index.php?rest_route=\/wp\/v2\/pages\/242\/revisions\/3464"}],"wp:featuredmedia":[{"embeddable":true,"href":"https:\/\/amicidiriccardo.it\/index.php?rest_route=\/wp\/v2\/media\/243"}],"wp:attachment":[{"href":"https:\/\/amicidiriccardo.it\/index.php?rest_route=%2Fwp%2Fv2%2Fmedia&parent=242"}],"curies":[{"name":"wp","href":"https:\/\/api.w.org\/{rel}","templated":true}]}}

<p><em><strong>&#8220;Ciò che conta non è fare molto&#8230;ma mettere molto amore in ciò che si fa&#8221; (Madre Teresa di Calcutta)</strong></em></p>
<p style="text-align: left;">L&#8217;associazione “Amici di Riccardo Domenici” si costituisce a Perugia il giorno 10 ottobre 2008.<br />
Le finalità perseguite dall’associazione così come definite dallo statuto, sono riconducibili a tre ambiti di intervento che si rifanno ad alcuni degli interessi principali di Riccardo Domenici, livornese di nascita ma perugino di adozione, scomparso prematuramente nel 1996 mentre si allenava presso la piscina di Lacugnano:</p>
<p style="text-align: left;"><strong>&#8211; il mare (e più genericamente l’acqua, la natura, la scienza amica)</strong><br />
<strong> &#8211; la musica</strong><br />
<strong> &#8211; la solidarietà</strong></p>
<p style="text-align: left;">L’associazione “Amici di Riccardo Domenici” è da intendersi elemento di continuità ed evoluzione del progetto “Mare e Giovani: Riccardo Domenici” , promosso dalla Fondazione Cesar di Bologna (oggi Unipolis), che sin dal 1996 anno in cui nasce, ha operato realizzando molte iniziative degne di merito sulle tematiche sopra citate e più sotto indicate, tese a mantenere vivi i principi morali ed etici del giovane sportivo Riccardo.</p>
<p><strong>Sul tema del mare, l’acqua, la natura e la scienza:</strong><br />
&#8211; con il finanziamento di studi scientifici sui delfini, condotti dal gruppo di ricerca Delphis m.d.c di Ischia (oggi Oceanomare-Delphis Onlus) operanti soprattutto nel tratto di mare limitrofo ad Ischia, che, per gli straordinari risultati scientifici raggiunti, ha permesso di ottenere dal Ministero per l’Ambiente il riconoscimento giuridico di ‘parco marino’ per l’area del Canyon di Cuma;<br />
&#8211; con la istituzione nel 1998 di una borsa di studio presso la Facoltà di Medicina dell’Università di Perugia Dipartimento di Medicina Interna e Scienze Endocrine e Metaboliche (chiarissimo prof. Brunetti) per lo studio delle apnee;<br />
&#8211; con la istituzione di due borse di studio per studi scientifici su i delfini assegnate a Europe Conservation.<br />
&#8211; Con adozione di delfini a distanza attraverso Europe Conservation.</p>
<p><strong>Sul tema della musica</strong> con l’annuale concerto in ricordo di Riccardo, nel quale giovani musicisti del conservatorio perugino si sono cimentati nella riscrittura ed esecuzione di brani di musica moderna in chiave classica.</p>
<p><strong>Sul tema della solidarietà e disabilità:</strong><br />
-con iniziative grazie alle quali alcuni giovani già istruttori subacquei dell’Associazione Subacquea Orsa Minore di Perugia hanno conseguito il brevetto HSA(Handicap Scuba Association) come istruttori subacquei per disabili e sono stati avviati corsi per portatori di handicap fisici che hanno potuto dedicarsi all’attività subacquea.<br />
&#8211; con corsi di acquaticità per l’avviamento alla subacquea per giovani portatori di disabilità fisico motoria presso la Piscina Gryphus Sporting Club di Perugia.<br />
&#8211; con un contributo economico ad AMREF Italia Onlus per la costruzione di un pozzo trivellato in Nord Uganda.<br />
&#8211; con un contributo economico alla Caritas Italia per sostegno alle popolazione del Myanmar colpito dal ciclone.</p>
<p>I temi di fondo della associazione ”Amici di Riccardo Domenici” che hanno anche trovato riscontro &#8211; nell’ambito del progetto “Mare e Giovani: Riccardo Domenici” &#8211; con la assegnazione annuale di una speciale “chiave del sorriso Riccardo Domenici” (premio nato da una idea di Don Ciotti) assegnata a personaggi che si sono distinti sul piano della solidarietà, dell’aiuto alla disabilità,o della ecologia, continueranno ad essere attraverso la loro attuazione, la testimonianza e la voce di quel pensiero e di quei valori etici di cui Riccardo è stato interprete indimenticabile.</p>

<p>&#8220;Ciò che conta non è fare molto&#8230;ma mettere molto amore in ciò che si fa&#8221; (Madre Teresa di Calcutta) L&#8217;associazione “Amici di Riccardo Domenici” si costituisce a Perugia il giorno 10 ottobre 2008. Le finalità perseguite dall’associazione così come definite dallo statuto, sono riconducibili a tre ambiti di intervento che si rifanno ad alcuni degli [&hellip;]</p>
